at is the tens digit of 1026?
2
What is the thousands digit of 34257?
4
What is the units digit of 36486?
6
What is the ten thousands digit of 60952?
6
What is the units digit of 1319?
9
What is the tens digit of 63393?
9
What is the hundred thousands digit of 110557?
1
What is the hundreds digit of 21280?
2
What is the tens digit of 12151?
5
What is the thousands digit of 23340?
3
What is the units digit of 1459?
9
What is the hundreds digit of 402?
4
What is the units digit of 18460?
0
What is the tens digit of 1254?
5
What is the hundreds digit of 4688?
6
What is the ten thousands digit of 14098?
1
What is the units digit of 855?
5
What is the units digit of 260?
0
What is the thousands digit of 7575?
7
What is the units digit of 525?
5
What is the units digit of 2810?
0
What is the tens digit of 14547?
4
What is the ten thousands digit of 58581?
5
What is the hundreds digit of 10735?
7
What is the hundreds digit of 142?
1
What is the hundreds digit of 304?
3
What is the thousands digit of 9034?
9
What is the tens digit of 816?
1
What is the units digit of 6051?
1
What is the units digit of 18815?
5
What is the hundreds digit of 2256?
2
What is the thousands digit of 10044?
0
What is the units digit of 30196?
6
What is the hundreds digit of 13799?
7
What is the hundreds digit of 153?
1
What is the hundreds digit of 34805?
8
What is the thousands digit of 57431?
7
What is the hundreds digit of 7698?
6
What is the hundreds digit of 342?
3
What is the hundreds digit of 20338?
3
What is the units digit of 1909?
9
What is the tens digit of 1914?
1
What is the thousands digit of 16968?
6
What is the tens digit of 620?
2
What is the hundreds digit of 29192?
1
What is the thousands digit of 5094?
5
What is the units digit of 5173?
3
What is the hundreds digit of 1614?
6
What is the hundred thousands digit of 109430?
1
What is the hundreds digit of 1042?
0
What is the hundreds digit of 55081?
0
What is the thousands digit of 71090?
1
What is the tens digit of 8938?
3
What is the units digit of 3869?
9
What is the units digit of 1608?
8
What is the hundreds digit of 842?
8
What is the units digit of 6593?
3
What is the units digit of 17349?
9
What is the hundreds digit of 7815?
8
What is the thousands digit of 3834?
3
What is the thousands digit of 8570?
8
What is the ten thousands digit of 29713?
2
What is the hundreds digit of 251?
2
What is the tens digit of 42353?
5
What is the units digit of 56872?
2
What is the units digit of 37482?
2
What is the hundreds digit of 7508?
5
What is the tens digit of 937?
3
What is the thousands digit of 98553?
8
What is the thousands digit of 3866?
3
What is the ten thousands digit of 20669?
2
What is the thousands digit of 5143?
5
What is the hundred thousands digit of 152738?
1
What is the units digit of 1240?
0
What is the ten thousands digit of 49558?
4
What is the tens digit of 4075?
7
What is the hundreds digit of 5213?
2
What is the hundreds digit of 376?
3
What is the hundreds digit of 780?
7
What is the ten thousands digit of 157329?
5
What is the hundreds digit of 47086?
0
What is the tens digit of 1228?
2
What is the tens digit of 2572?
7
What is the tens digit of 1108?
0
What is the hundreds digit of 12451?
4
What is the tens digit of 3210?
1
What is the tens digit of 295?
9
What is the tens digit of 359?
5
What is the units digit of 21226?
6
What is the hundreds digit of 4553?
5
What is the units digit of 3375?
5
What is the hundreds digit of 3500?
5
What is the hundreds digit of 12450?
4
What is the hundreds digit of 126?
1
What is the units digit of 686?
6
What is the units digit of 2469?
9
What is the thousands digit of 4560?
4
What is the thousands digit of 2932?
2
What is the tens digit of 233?
3
What is the hundreds digit of 909?
9
What is the units digit of 293?
3
What is the tens digit of 16515?
1
What is the hundreds digit of 2348?
3
What is the hundreds digit of 1416?
4
What is the thousands digit of 22938?
2
What is the hundreds digit of 618?
6
What is the tens digit of 863?
6
What is the units digit of 70147?
7
What is the hundreds digit of 2063?
0
What is the ten thousands digit of 13549?
1
What is the tens digit of 20998?
9
What is the hundreds digit of 79100?
1
What is the tens digit of 1255?
5
What is the ten thousands digit of 77161?
7
What is the tens digit of 1017?
1
What is the hundreds digit of 1902?
9
What is the hundreds digit of 1107?
1
What is the hundreds digit of 177?
1
What is the thousands digit of 16217?
6
What is the ten thousands digit of 24785?
2
What is the units digit of 14746?
6
What is the units digit of 48795?
5
What is the thousands digit of 1184?
1
What is the units digit of 27370?
0
What is the thousands digit of 43689?
3
What is the hundreds digit of 11448?
4
What is the thousands digit of 7126?
7
What is the thousands digit of 2425?
2
What is the units digit of 4138?
8
What is the hundreds digit of 1062?
0
What is the units digit of 145?
5
What is the tens digit of 76?
7
What is the tens digit of 3538?
3
What is the tens digit of 647?
4
What is the hundreds digit of 308?
3
What is the hundreds digit of 1307?
3
What is the units digit of 1595?
5
What is the thousands digit of 21992?
1
What is the hundreds digit of 10605?
6
What is the tens digit of 998?
9
What is the tens digit of 38080?
8
What is the hundreds digit of 572?
5
What is the tens digit of 2779?
7
What is the units digit of 856?
6
What is the hundreds digit of 30171?
1
What is the hundreds digit of 41402?
4
What is the thousands digit of 4659?
4
What is the tens digit of 569?
6
What is the thousands digit of 6962?
6
What is the tens digit of 36676?
7
What is the units digit of 181?
1
What is the units digit of 63666?
6
What is the hundreds digit of 1428?
4
What is the tens digit of 303?
0
What is the hundreds digit of 758?
7
What is the units digit of 1181?
1
What is the hundreds digit of 1807?
8
What is the tens digit of 1446?
4
What is the tens digit of 192?
9
What is the thousands digit of 21434?
1
What is the tens digit of 383?
8
What is the ten thousands digit of 49068?
4
What is the tens digit of 21508?
0
What is the units digit of 6705?
5
What is the units digit of 59969?
9
What is the tens digit of 2978?
7
What is the thousands digit of 5510?
5
What is the units digit of 10337?
7
What is the thousands digit of 1119?
1
What is the hundreds digit of 16506?
5
What is the hundreds digit of 1060?
0
What is the thousands digit of 15082?
5
What is the units digit of 6830?
0
What is the hundreds digit of 125893?
8
What is the thousands digit of 103015?
3
What is the units digit of 14198?
8
What is the thousands digit of 1770?
1
What is the tens digit of 5263?
6
What is the units digit of 2543?
3
What is the hundreds digit of 8171?
1
What is the tens digit of 81221?
2
What is the tens digit of 2315?
1
What is the units digit of 1037?
7
What is the units digit of 921?
1
What is the tens digit of 9619?
1
What is the units digit of 4129?
9
What is the hundreds digit of 14612?
6
What is the hundreds digit of 74233?
2
What is the thousands digit of 4288?
4
What is the thousands digit of 61066?
1
What is the tens digit of 98019?
1
What is the tens digit of 26079?
7
What is the ten thousands digit of 24090?
2
What is the ten thousands digit of 23299?
2
What is the thousands digit of 38545?
8
What is the units digit of 462?
2
What is the units digit of 999?
9
What is the units digit of 1500?
0
What is the units digit of 4446?
6
What is the hundreds digit of 24976?
9
What is the tens digit of 856?
5
What is the thousands digit of 1883?
1
What is the tens digit of 15783?
8
What is the units digit of 24444?
4
What is the thousands digit of 13999?
3
What is the tens digit of 21910?
1
What is the units digit of 49938?
8
What is the tens digit of 143151?
5
What is the units digit of 2469?
9
What is the tens digit of 1040?
4
What is the tens digit of 964?
6
What is the thousands digit of 2001?
2
What is the thousands digit of 5065?
5
What is the thousands digit of 1035?
1
What is the units digit of 53743?
3
What is the units digit of 17559?
9
What is the tens digit of 17938?
3
What is the ten thousands digit of 13236?
1
What is the tens digit of 2499?
9
What is the hundreds digit of 8564?
5
What is the ten t